 + 656870 + 647800 = 0. Is q prime?
False
Suppose 0 = s + 5 - 30. Is 2107 - 1 - (-22 + s) a composite number?
True
Suppose 2*i - 853 = -3*l, -l - 4*l + 2130 = 5*i. Let w = i + -210. Is w a composite number?
True
Let g = 11 - 12. Is 2*1*(2 - (g - 310)) a composite number?
True
Let w be (-10 + 2)*(-2)/8. Suppose 0 = d - w*d + 3. Let j(v) = 9*v**3 - v**2 - 3*v - 4. Is j(d) prime?
False
Suppose -5*g - 3*z + 12069 = -2*z, 5*z - 9672 = -4*g. Is g a composite number?
True
Let t(m) = 472*m + 15. Let i be t(9). Suppose 0 = 4*z + 4*f - 5684, -z + i = 2*z - 3*f. Suppose -2*l - 4*c = l - z, -3*l + c + 1441 = 0. Is l composite?
False
Suppose 0 = 5*o - 4*c - 471, -198 = 2*o - 4*o + 4*c. Suppose 2*a + 4 = 14. Suppose a*g = -w + 780, g - 76 = 2*w + o. Is g prime?
True
Let m be (-2 + 371)/(-5 - (-106)/20). Let u = -181 + m. Is u prime?
True
Let v be ((-6)/(-9))/((-10)/3930). Let l = 783 - 1151. Let u = v - l. Is u a prime number?
False
Suppose -538*r = -525*r - 25259. Is r a composite number?
True
Suppose 10*z - 857 + 157 = 0. Suppose 2*c = q + z + 60, -c + 65 = -3*q. Is c prime?
False
Let p = 2795 - 684. Is p composite?
False
Suppose 2*n = 10, 2*g + 20*n - 4601 = 17*n. Is g a composite number?
False
Let a(q) = -32461*q - 12. Is a(-1) a prime number?
False
Let x be 18 - (3 + -6 - -1). Suppose -3*a + x = a. Suppose 3*h - 10 - 5 = 0, 0 = 2*g + a*h - 247. Is g prime?
False
Suppose 36*k - 472793 - 213043 = 0. Is k a composite number?
False
Suppose -49 = -4*u + 3*u. Let v(i) = i**3 + 9*i**2 + 4*i - 2. Let f be v(-8). Let y = u - f. Is y a prime number?
True
Suppose 3*x = -3*z + 210 + 330, 2*x = 5*z + 360. Suppose 4*q - x = 980. Suppose c = -c + q. Is c composite?
True
Suppose 4*r = -392 + 2020. Let s = r - 601. Let b = s - -287. Is b a composite number?
True
Suppose 4*h - 65040 = 2*h. Suppose -8*s + h = -4*s. Is s/14 + 2/7 a composite number?
True
Let q(y) = 31*y**3 - 3*y**2 + 4*y - 4. Let c be q(2). Let v = c + 53. Is v a prime number?
True
Let p(v) = -5*v**3 + 6*v**2 + 4*v - 1. Let s be p(-4). Suppose -w + 95 + 264 = -3*c, s = w + 5*c. Suppose 4*x - 974 = w. Is x composite?
False
Let n(t) = -6*t**3 + 11*t**2 + 8*t - 17. Let f(z) = -7*z**3 + 10*z**2 + 9*z - 17. Let a(h) = -5*f(h) + 6*n(h). Is a(16) a composite number?
False
Suppose 4*k - 2422 = -2*f, -4*f + 8*k + 4854 = 6*k. Is f a prime number?
True
Suppose -9916 = -14*t + 12*t. Let x = -3234 + t. Suppose -10*j + 6*j + x = 0. Is j a prime number?
True
Let l(y) = -y**3 + y**2 + y. Let i(d) = 48*d**3 - 6*d**2 - 5*d + 5. Let n(c) = i(c) + 3*l(c). Is n(3) prime?
True
Let u(q) = 90*q**2 + 9*q - 2. Is u(-5) prime?
True
Let c(o) = o**3 + 8*o**2 + 17*o - 9. Let l(g) = -2*g**3 - 15*g**2 - 34*g + 19. Let x(m) = -9*c(m) - 4*l(m). Is x(-14) prime?
False
Suppose 3*q - 3952 = 14*h - 15*h, 4*q = -h + 5271. Is q composite?
False
Let c(b) = -b**3 - 14*b**2 + 15*b + 24. Let p be c(-20). Suppose -2*q - 2 = 0, -2*l - 2*q + p = -4*q. Is l prime?
True
Suppose 40 = -i + 5*n, 0 = 4*i + 4*n + 45 + 67. Let m = i + 34. Suppose -3*p = -5*b + 138 + 794, m*p - 4 = 0. Is b a composite number?
True
Let b(y) = -y**3 - 11*y**2 - 18*y + 5. Let u be b(-9). Suppose 3*a - 2514 = -3*z, u*z = a - 5*a + 4191. Is z a prime number?
True
Suppose -4*p - 1614 - 174 = 0. Let o = 263 - p. Let z = o + -315. Is z a composite number?
True
Let c(l) = -10*l**3 + 13*l**2 - 26*l - 50. Is c(-11) a composite number?
True
Suppose -3*u + 5*u = -1700. Let d = 1523 + u. Is d a composite number?
False
Suppose -2*l + 0*u - 3*u - 4 = 0, 5*u = -2*l - 12. Suppose -4*t + 4 = 0, -l*t = m - 2*t - 6. Is -381*(-1 + m)/(-9) composite?
False
Let k be 3 + -1 - -5*36. Let a = -100 + k. Suppose 2*d - a = 28. Is d a composite number?
True
Suppose u - 2 = -1, 2*u = -g + 5. Suppose -g*v = -3 - 9. Suppose j - 245 = -q + v*j, -5*q + 1249 = -3*j. Is q composite?
False
Suppose 3*v = -2*v + 15. Is 3/v*699/3 composite?
False
Suppose -4165 = -j - 4*o, 0 = 2*j - 4*o - 0*o - 8366. Is j a prime number?
True
Suppose 357 = 3*v - 0*v. Suppose -5*d = 4*t + v, t + 4*t = -3*d - 165. Let p = 329 + t. Is p composite?
False
Suppose -5*m + 5*d - 163992 = -9*m, -2*m = 3*d - 81998. Is m a prime number?
True
Let z(v) = v**2 - 2*v - 2. Let x be z(10). Let o = x - 54. Is (o/20)/(4/1030) composite?
True
Let k(v) = -v + v - 9*v + 2*v**2 - 3*v**2 - 22. Let w be k(-5). Let o(a) = -112*a**3 - 2*a**2 + 1. Is o(w) prime?
False
Let o be 3/6 - (-509)/(-2). Let u = o - -585. Is u composite?
False
Is 1282603/123 + 2 + 24/(-9) composite?
False
Let y(z) = 240*z**2 - 34*z + 177. Is y(7) a prime number?
True
Suppose 2*i = 4*f - 14, -5*i = -2*f - 3*f + 10. Suppose f = 5*l - 15, 0 = -5*a - 5*l + 295. Is a composite?
True
Suppose 0 = -4*s + 35284 - 10024. Suppose -1907 = 8*r - s. Is r prime?
False
Let g = -39 + 43. Suppose -g*f = 2542 - 8450. Is f a prime number?
False
Let b(r) = -r**3 - 14*r**2 - 3*r + 53. Is b(-16) composite?
False
Suppose c + 1348 = 5*c. Suppose c = -t - 2*d, 4*t - 5*d + 1396 = -d. Let v = -14 - t. Is v a composite number?
False
Let g(t) = 9*t**3 + 460*t**2 - 12*t - 61. Is g(-50) a prime number?
False
Suppose -32*f + 432871 + 526905 = 0. Is f prime?
False
Suppose 10550 = 33*m + 17*m. Is m prime?
True
Let b be (-5 - -9 - -1)*(0 + 1). Suppose -r + b*r - 6252 = 0. Is r a composite number?
True
Let d = 609 - 428. Is d a prime number?
True
Suppose -23552 + 5322 = -2*b. Is b a composite number?
True
Suppose -2*c + 510 = -c. Let g = -203 + c. Is g a composite number?
False
Let g = -15 - -15. Let l be (g + -7)/(11/(-253)). Let a = l - 75. Is a a composite number?
True
Let o = -416 + 1797. Is o a composite number?
False
Is 600/80*(-1 + 1773/15) composite?
True
Is (-3168 + -298)*-1*(-1)/(-2) a prime number?
True
Suppose 0 = n, j + 12203 = -n + 99748. Is j a composite number?
True
Let z(j) be the second derivative of 11*j**5/20 + 5*j**4/12 - 4*j**3/3 + 17*j**2/2 + 10*j. Is z(5) a prime number?
False
Let h = 151969 + -86490. Is h composite?
False
Let t be 2*(3/(-6) - 0). Let f be (-30)/((-2 - -3)*t). Suppose -2*o + 4*o = -4*m + f, o + 5*m = 21. Is o composite?
False
Let p(l) = l**2 + 5*l - 2. Let v(a) = a + 2. Let c be v(0). Suppose 2*m - 12 = d + 2*d, -2*m = 2*d - c. Is p(m) composite?
True
Suppose 273 = 8*b - 15*b. Suppose 672 = -2*v - v. Let j = b - v. Is j a composite number?
True
Let m(y) = 17*y**2 + 2*y - 26. Let k be 26/22 - 8/44 - -3. Is m(k) composite?
True
Let i(t) = t**3 - 4*t**2 + 2*t + 6. Let g be (-1 - 1)*(-39)/26. Let z be i(g). Is 5/((12/268)/z) a composite number?
True
Let d be 4202 + 3 - (4 + -7). Suppose -3*q + 4211 = -5*j, 5*q = 5*j + q + d. Is (8/(-32))/(1/j) a prime number?
True
Let o = 6789 - 1858. Is o a prime number?
True
Suppose 3*v - 4*v - 3 = 0, 4*b - 20 = 4*v. Suppose u = -3*r - 269, -5*u - b*r - 1377 = -3*r. Let g = 394 + u. Is g prime?
False
Suppose 6817 = 3*w - 5*n, -5*n = w - 3615 + 1316. Is w a prime number?
False
Suppose 0 = 2*q - 4, 42670 = 3*c + 5*q - 79977. Is c composite?
False
Let g(q) be the second derivative of 1/6*q**3 - 5*q + 0 + 5/2*q**2. Is g(6) composite?
False
Suppose -37 - 179 = 8*c. Let h = 24 + c. Let t(g) = -216*g - 7. Is t(h) a composite number?
False
Suppose 31*l - 60*l = -78909. Is l prime?
False
Let a = 24 - 22. Is (a*(-685)/5)/(-1) prime?
False
Suppose -3*w + 4*j - 1717 = -4*w, 3437 = 2*w + 5*j. Is w a prime number?
True
Let y = -6024 - -11513. Is y a composite number?
True
Suppose 0 = -9*s - 48003 + 223782. Is s a prime number?
True
Let x(f) = f**3 + 14*f**2 - 13*f + 9. Let l be x(-14). Suppose 0 = b - 0*b - l. Is b composite?
False
Let j be (-15455455)/133 - 8/14. Is 2/(-8) - (j/28)/13 composite?
True
Let c(d) = -7*d**3 + 2*d**2 + d. Let x be c(-3). Suppose 129 = 3*l - x. Is l a prime number?
False
Let i(a) = 61*a**2 + 3*a - 1. Let y be i(-3). Suppose 4*z - 897 = y. Let u = z - -182. Is u a composite number?
False
Suppose -5*n = -134 - 36. Let h = 21 - n. Let y(v) = 2*v**2 + 4*v + 12. Is y(h) composite?
True
Suppose -5*x + 238 = -4*n + 3*n, -x + 58 = 5*n. Suppose 0*h = 4*v - 3*h - 20, -3*v = 4*h - 15. Let p = v + x. Is p composite?
False
Let s(u) = -330*u + 61. Is s(-24) composite?
True
Let y(h) = 2*h**2 - 15*h. Let d be y(10). Suppose -g + 2*q = d, g + 56 = -0*q - q. Let r = g + 91. Is r composite?
False
Let a(u) = -5*u**2 + u - 5. Let l(y) be the third derivat